11
Suppose -94 = 3*z - 2*w, -5*z + 3*w - 54 = 101. What is the remainder when 165 is divided by (z/(-18))/(((-126)/81)/(-14))?
11
Let x(l) = 4*l + 149. Let n(v) = v**2 + 8*v + 297. Let c(k) = -2*n(k) + 5*x(k). Let j = -6986 - -6986. What is the remainder when c(j) is divided by 9?
7
What is the remainder when (20/12)/(14 - 32674/2334) is divided by 140?
125
Suppose f = -3*y + 5425, -5*f = y + 529 - 2300. What is the remainder when y is divided by 58?
13
Let l(o) be the first derivative of 64*o**3/3 + o**2/2 + o + 6. Let r(p) = -2*p - 3. Calculate the remainder when l(-1) is divided by r(-8).
12
Suppose -5 - 3 = -4*q. Suppose 6 - 16 = -q*j. Suppose 2*y - j*y + 48 = 2*m, 2*y + 59 = 3*m. Calculate the remainder when m is divided by 6.
3
Let w = 10933 + -7899. Calculate the remainder when w is divided by 11.
9
Suppose 8*i + i = -216. Let x = -16 - i. Let n = 8 + 6. Calculate the remainder when n is divided by x.
6
Suppose b - 156 = -3*u, -5*b + 8*b + 246 = 5*u. What is the remainder when 3212 is divided by u?
50
Let d = -545 + 674. Suppose 230 = n - d. Calculate the remainder when n is divided by 60.
59
Let q = -9028 - -9085. Calculate the remainder when 3985 is divided by q.
52
Let o(i) = -i**3 + 33*i**2 + 34*i + 87. Let p = -90 + 94. What is the remainder when o(34) is divided by p?
3
Let q = 861 - 823. Suppose -6*z + 2*z = 2*n - 2572, z = -n + 643. Calculate the remainder when z is divided by q.
35
Calculate the remainder when 1820 is divided by (-8)/30 - 575744/(-6240).
72
Let d be 1/(4/(-8)*-2). Suppose -5*g = l - 232, 63 + 184 = 5*g - 4*l. What is the remainder when g is divided by d*(-4)/6 + 224/21?
7
Let t = 233 + -218. Let v = t + 18. What is the remainder when 79 is divided by v?
13
Suppose -3*i + 26 = 4*u, 2*u + 22 = i + 6*u. Suppose 0 = -i*c + 5*y + 22, -5*c + 48 = 4*y - 73. Calculate the remainder when 54 is divided by c.
12
Let c(k) = -1971*k - 770. Calculate the remainder when c(-2) is divided by 41.
15
Suppose 5*k = -3*d - 42, 3*d = 5*k + 4 + 14. Let g = k - -43. What is the remainder when 107 is divided by g?
33
Suppose -3*x + 21*l = 19*l - 666, 2*l - 654 = -3*x. Suppose -52*a + 61*a - 288 = 0. What is the remainder when x is divided by a?
28
Let u(p) = -p + 8. Let o be u(-7). Let c = 60 - o. What is the remainder when 40*(c/10)/9 is divided by 4?
0
Suppose x + 0*n + 6 = -4*n, -x = 2*n + 10. Let u = -379 + 357. Let t = x - u. Calculate the remainder when 29 is divided by t.
5
Let a = 10390 - 10145. What is the remainder when a is divided by 167?
78
Let w = -4275 - -4283. Calculate the remainder when 341 is divided by w.
5
Suppose n + 3 = 0, -3*r + 1206 = -4*n - 0*n. Let f be 5*4/40*r. Let o = f - 94. What is the remainder when o is divided by 36?
33
Let t be 150/(-45)*(-3)/(-2). What is the remainder when (t - (-1 + 0))*(-305)/4 is divided by 77?
74
Let f(p) = 1071*p - 4250. Let h(j) = 13*j + 1. Calculate the remainder when h(10) is divided by f(4).
29
Suppose 30*p - 35*p + 35 = 5*y, 3*p - y - 41 = 0. Suppose -10 + 11014 = p*q. What is the remainder when q is divided by 27?
26
Let t(k) = 2*k**3 + k**2 + 1. Suppose 15*a - 600 - 4935 = 0. Suppose -a = -12*l + 99. What is the remainder when l is divided by t(2)?
18
Let w = 1986 + -1896. Suppose -2*a = -5*l - 0*l - 69, -5*l = 15. What is the remainder when w is divided by a?
9
Let s be 1/(-4)*(-2 - 2)*1. Let f be s/(100/(-102) + 1). Let t = -37 + f. What is the remainder when 40 is divided by t?
12
Let f = -465 - -470. Suppose f*v - 11 = 659. What is the remainder when v is divided by 37?
23
Suppose -3*x + 27 = 3*l, -2*x = x - 3*l + 3. Let f(v) = v**3 - 2*v**2 - 4. Calculate the remainder when 109 is divided by f(x).
25
Suppose 2 = -r, 3*w + 1 - 14 = -r. Suppose 2*n - 15*v = -18*v + 75, 3*n + w*v = 115. What is the remainder when 118 is divided by n?
28
Suppose 4*q = 5*r + 9*q - 320, -134 = -2*r - 3*q. Calculate the remainder when 5711 is divided by r.
27
Let y(v) = -11*v**2 - 56*v - 8. Calculate the remainder when 886 is divided by y(-2).
46
Suppose -21*y + 56 = -29*y. What is the remainder when ((-4)/3)/((-781)/111 - y) is divided by 8?
5
Suppose -20*t - 3*t + 26247 = -12416. Calculate the remainder when t is divided by 33.
31
Suppose 5*v - 1356 = -2*h + 3*v, -4*h - 5*v + 2713 = 0. What is the remainder when h is divided by 11?
6
Suppose -7*c = 220 - 1543. Let n = -183 + c. What is the remainder when 155 is divided by n?
5
Suppose -73*d - 1644 + 3377 + 16663 = 0. What is the remainder when d is divided by 70?
42
Suppose -205*q + 206*q = -1. What is the remainder when q/((-2)/13 + 66/598) is divided by 23?
0
Suppose -3*r = -u + 1 - 3, 2*u + 5*r = -4. Let m be (8/12)/(u/(-24)*-2). Let f = 9 + m. Calculate the remainder when 19 is divided by f.
4
What is the remainder when -1 - 135910/(-65) - (12 + 628/(-52)) is divided by 99?
11
Let a be (2/4 - 0)*-26. Let z(j) = 11*j + 3 - 19*j + 0 + 6*j. Calculate the remainder when z(a) is divided by 15.
14
Let b(c) = -2*c**3 - 7*c**2 + 64*c + 190. What is the remainder when b(-17) is divided by 157?
154
Suppose -22*q = -14239 + 7617. Calculate the remainder when q is divided by 54.
31
Suppose 0 = 1001*t - 996*t + 4*n - 1510, 5*t = 4*n + 1470. What is the remainder when 2398 is divided by t?
14
Let l = -456 - -499. Calculate the remainder when 325 is divided by l.
24
Suppose -12*x + 3*m = -13*x + 56, 0 = 2*x - m - 147. Calculate the remainder when 283 is divided by x.
70
Suppose -3*f + 7 = -4*i + 6, -4*i - 7 = -5*f. Suppose 2*h = -3*d + 6*h + 135, 0 = -f*d + 5*h + 135. What is the remainder when d is divided by 14?
3
Calculate the remainder when ((-4)/6 + 1/(-3))*50827/(-137) is divided by 20.
11
Let h(o) = o. Let u(z) = z**2 - 18*z + 23. Let t(w) = -2*h(w) - u(w). Calculate the remainder when t(11) is divided by 10.
2
Let h = -6528 + 6544. Calculate the remainder when 30 is divided by h.
14
Suppose 10 + 5 = 3*t, 0 = -4*k + 4*t + 912. Calculate the remainder when 482 is divided by k.
16
Let a(j) = 5*j**3 + 5*j**2 + 10*j - 15. Let u be a(-5). Let h = u + 623. What is the remainder when h is divided by 5?
3
Let j = 77 - 16. Suppose 39*r = 80*r - 12*r - 3509. What is the remainder when r is divided by j?
60
Let q = -21 + 26. Let s(f) = -f**2 + 2*f + 11. Let c be s(q). Calculate the remainder when (1/c)/(1/(-388)) is divided by 25.
22
What is the remainder when 494 is divided by (-11)/((-935)/(-10)) + 17530/170?
82
Suppose z = -2, 4*v + 3*z - 171 = 551. Let s = -173 + v. Calculate the remainder when s is divided by 2.
1
Let d(n) = 2*n**2 + 380*n - 3456. Calculate the remainder when 157 is divided by d(9).
31
Let n(h) be the second derivative of -3*h**3/2 - 3*h**2/2 - 2*h. Suppose -2 = -i, -5*m - 5*i + 479 = -351. Calculate the remainder when m is divided by n(-5).
38
Let y(z) = 403*z - 3 + 4 - 424*z. Let g = -2 - -1. What is the remainder when 64 is divided by y(g)?
20
Let u be (-18)/15*140/(-42). Suppose -2*t = s - 186, -188 = -s - u*t + 4. Calculate the remainder when s is divided by 7.
5
Suppose -3*x - 3*h = -159, -5*x + 60 = 4*h - 205. Suppose -3*p = -x - 22. Let q(a) = -a**2 - 11*a - 21. Calculate the remainder when p is divided by q(-6).
7
Let c = -9633 + 9754. What is the remainder when c is divided by 60?
1
Let u = 52 + -41. Suppose -181 = -u*o - 60. What is the remainder when 316 is divided by o?
8
Suppose 4*a = 4*t - 56, -7*a - 3*t - 48 = -5*a. Let u = a - -24. Calculate the remainder when 100 is divided by u.
4
Let n(r) = -23*r + 20. Let a be n(-6). Let d = a + -128. What is the remainder when 58 is divided by d?
28
Suppose 0 = 7186*z - 7201*z + 555. Calculate the remainder when 155 is divided by z.
7
Let f(u) = u**3 - 15*u**2 + 16*u + 9. Let k be f(14). Let l = -43 + k. Calculate the remainder when 23 is divided by ((-32)/6 - -2)*l/4.
3
Suppose 18 + 15 = 2*v - s, v - 5*s = -6. Let u = 44 - v. What is the remainder when u is divided by 6?
1
Suppose -33 = -f + 6. Let t = -649 + 762. Calculate the remainder when t is divided by f.
35
What is the remainder when 1712 is divided by (1*(-50)/(-30))/((-2)/(-42))?
32
Let p = 40 + -20. Let g be (1/3)/(1284/144 - 9). Calculate the remainder when 15/p - 217/g is divided by 14.
13
Let w be (-126)/28*(-4)/6. Suppose -3*q + 683 = 4*r, 4*q = -w*r + 2*r + 161. Let x = 65 - 30. What is the remainder whe